2*p**2 - 1 + 7*p**2 - 4*p**2 + p**2. Let d(u) = -u**3 - 4*u**2 - 3*u - 2. Let q be d(-3). What is v(q)?
3
Let j(s) = 3*s - 2. Let n be ((-2)/(-6))/(2/(-24)). Give j(n).
-14
Let z(c) be the second derivative of -10*c**3/3 - c**2/2 - 105*c. Calculate z(-1).
19
Let n(z) = z**3 - 2*z**2 - 3*z + 3. Suppose -4*r = -2*r. Let h(c) = 4. Let l(m) = m**2 + 1. Let a(v) = h(v) - l(v). Let x be a(r). What is n(x)?
3
Let a(x) = 5*x**3 - 10*x**2 + 21*x + 19. Let y(n) = 3*n**3 - 7*n**2 + 14*n + 13. Let c(o) = -5*a(o) + 8*y(o). Suppose 2*q - 7 = -21. Give c(q).
9
Let i(p) = -3 - 3*p**2 - 9 - p**3 + 2 + 6*p - 9*p. Let s be i(-3). Let r(z) = 7*z. Give r(s).
-7
Let d = 30 - 25. Suppose 2*m - 2 = 4*m + 2*a, d*a - 19 = m. Let h(x) = -2 + 2 - 4 - 3*x + 0*x. What is h(m)?
8
Let r(i) be the first derivative of i**3/3 - 4*i**2 + 7*i - 93. What is r(7)?
0
Let c(p) be the third derivative of p**6/120 - p**5/6 + p**3 - 14*p**2 + 3. What is c(10)?
6
Let u be (1*-1)/(8 - 9). Let p(q) = -q**3 - 6*q**2 - 6*q - u + q**2 + 0*q**2 - 3. Determine p(-4).
4
Let a(z) be the third derivative of -z**5/60 - 5*z**4/24 - z**3 - 9*z**2 - 3. Suppose 11 = -4*f - 5. Calculate a(f).
-2
Let z(v) = 3*v**2 - 6*v + 1. Let j be -5 - (-1 + (1 - -2)). Let o(m) = 10*m**2 - 18*m + 3. Let g(i) = j*z(i) + 2*o(i). What is g(6)?
-1
Let x be 7/3 + ((-55)/(-15) - 3). Let g(r) = 124*r + 5*r**x - 6*r**2 - 129*r - 10 - 4*r**3. Calculate g(7).
4
Let a(x) = 2*x**2 + 37*x + 24. Let f be a(-18). Let r(g) = -g**2 + 4*g + 1. Calculate r(f).
-11
Let g = -208 - -204. Let y(d) = 2*d - 4. Let p be y(5). Let v(b) = p + 1 - b - 5 + 2. Give v(g).
8
Let q(p) = -p**2 - 15*p - 22. Let j be q(-13). Let z(m) = -m**3 + 5*m**2 - 5*m + 1. What is z(j)?
-3
Let x(o) = 10*o - 15 + 3*o**3 - 10*o**3 + 4*o**3 - 11*o**2 + 2*o**3. Determine x(-12).
9
Let p(b) = 4*b - 24. Suppose 0 = -2*y - 4, 2*y - 6*y + 27 = 5*t. Give p(t).
4
Suppose 0*o = -o + 11. Let u = -8 + o. Let c(m) = u*m + 9 - 2*m - 12. Determine c(3).
0
Let s = 21 - 15. Let x(f) = -5*f**2 - 21*f - 10*f + f**3 + 28*f + 6. Determine x(s).
24
Let i(j) = j**3 + j**2. Suppose 2*n + 8 = o - 5*o, -3*n + 9 = -o. Let k be n/(-14) + 247/(-133). What is i(k)?
-4
Let v(x) = -x - 10. Suppose p - 5*z - 18 = 0, 3*p + z - 2 = 4. Suppose 7*c + 110 = -p*c. Calculate v(c).
1
Suppose 0 = 5*z - 27 - 198. Let v be z/24 + (-1)/(-8). Let b(l) = 5 + 5 - l**v - 3*l - 5. Give b(-5).
-5
Let q(f) be the second derivative of -f**7/2520 - f**6/360 - f**4/4 + 2*f. Let x(i) be the third derivative of q(i). Give x(-3).
-3
Let x(i) = i**3 + 6*i**2 + 5*i - 7. Suppose -z - 1 = 0, -z - 149 = 5*m + 3*z. Let n = -34 - m. Calculate x(n).
-7
Suppose -2*l - 2*q = 16, -4*q - 17 = 2*l - 3*l. Let z(u) = u**3 + 3*u**2 + 4*u + 2. Give z(l).
-10
Suppose 5*y - 10 = -5*k, -5*y + 16 = 3*k + 6. Let d be 1 + k*(-1)/2. Suppose 0 = -3*a + d - 4. Let v(p) = 5*p**2 - 1. What is v(a)?
4
Let m(g) = -4*g**2 - 2*g - 1. Let v(j) = -j**2 - 4*j + 250. Let i be v(-18). Determine m(i).
-13
Let w(u) = -u**3 + 3*u**2 + 8*u - 14. Let s be w(4). Let z(g) = -2 + 0 - 2*g - s - 2. What is z(-6)?
6
Let z be 1*(-3)/12 - (-45)/20. Let a(g) = -g. Let c(n) = -5*n + 1. Let f(j) = 9*a(j) - 2*c(j). What is f(z)?
0
Let q(u) = -u**3 + 8*u**2 + 4*u + 5. Suppose 11*y = -4*o + 14*y + 30, -3*o = -3*y - 21. Give q(o).
-40
Let i(k) = -2*k**3 + k**2 + 2*k - 1. Suppose 0 = -13*b - 60*b + 73. Determine i(b).
0
Let q = -75 - -74. Let i(g) = 2*g**3 + 3 + 19*g**2 - 4 - 18*g**2. Determine i(q).
-2
Let o(f) = 4*f**3 + 14*f**2 - 3*f - 9. Let k(u) = 3*u**3 + 13*u**2 - 4*u - 8. Let r(z) = -5*k(z) + 4*o(z). Let q = 29 + -21. Give r(q).
4
Let a = -1207 + 1209. Let h(n) = -4*n**3 + 4*n**2 - n - 2. Calculate h(a).
-20
Suppose -m - 7 + 42 = -5*t, m = 4*t + 32. Let r = 20 - m. Let v(l) = -2 + l**2 - 1 - 2. Calculate v(r).
-5
Suppose 6*o + 1 - 67 = 0. Suppose -1 + o = -2*z. Let v(n) = -7*n - 5. What is v(z)?
30
Let a(s) = -2 + 45*s - 26*s - 25*s + s**3 - 6*s**2. Let j(u) = 5*u - 3. Let o be j(2). What is a(o)?
5
Let f(w) be the first derivative of 1/4*w**4 + 1/2*w**2 + 25 - 2*w**3 + 3*w. Suppose 3*z + 3 - 17 = -2*s, 0 = -z + s + 8. Give f(z).
9
Let u(o) = 7 - o + 10 + 4*o - 18. Give u(5).
14
Let v(a) be the first derivative of 11*a**3/3 - a**2/2 - a - 5. Let b(s) = 11*s**2 - 2*s - 1. Let f(j) = 2*b(j) - 3*v(j). What is f(1)?
-11
Let l(b) = -72*b**2 - b - 69*b**2 - 69*b**2 + 223*b**2. What is l(1)?
12
Suppose -4*x - 15 = -d + 10, -2*d + 20 = -2*x. Let l(b) = -b**3 + 8*b**2 - 6*b - 1. Give l(d).
44
Let x(w) be the third derivative of w**5/60 + w**4/12 + w**3/3 + 8*w**2. Let f be x(-2). Suppose 3*h = -10 - f. Let k(o) = -o**3 - 3*o**2 + o - 4. Give k(h).
8
Let c(z) be the second derivative of z**3/6 - 11*z**2/2 + 6*z - 18. What is c(5)?
-6
Let s(m) = m**2 + 5*m - 19. Suppose c = -4*f + 6 + 2, 0 = 3*c + 4*f + 8. Let i be s(c). Let l(k) = k**3 - 4*k**2 - 5*k - 2. Calculate l(i).
-2
Let d(y) be the third derivative of y**4/12 + y**3/2 + y**2. Let p be (-9)/(-6) + (-25)/(-10). Suppose 0 = -g + 1 - 0, -p*f - 23 = g. What is d(f)?
-9
Let b(w) = -w + 6. Let a be b(4). Let f(c) = 3*c**3 - 4*c**3 + 48*c**2 - 51*c**a + 1 + 3*c. Calculate f(-4).
5
Let f(w) be the first derivative of -2*w**3/3 + 13*w**2/2 - 7*w + 100. Calculate f(5).
8
Let w(u) = -u**3 + 4*u**2 + 1. Let h(i) = -5*i**2. Let t(d) = -6*d**2 + 1. Let v(r) = -5*h(r) + 4*t(r). Suppose 2*s = 5*s. Let g be v(s). What is w(g)?
1
Let f(n) be the first derivative of -2*n + 18 + 1/2*n**2. Determine f(5).
3
Let c(i) = -97 + i**2 - 5*i**3 - 6*i + 101 - 11*i. Let l(u) = u**3 + 4*u - 1. Let y(o) = -2*c(o) - 9*l(o). What is y(2)?
-3
Let w(i) = i + 2. Let o(n) = -n**3 + 4*n + 5. Suppose -3*h - 7 = -1. Let s be o(h). What is w(s)?
7
Let n(o) be the second derivative of o**5/20 - o**4/12 + o**3/6 + 3*o**2/2 + 2*o + 83. What is n(0)?
3
Let m = -16 - -18. Suppose -4*u - 26 = -4*h + m*h, -3*u = -5*h + 44. Let n(a) = -9 + 5*a**3 - 6*a + 2*a**3 - 6*a**2 - 6*a**3. What is n(h)?
-2
Suppose -4*h + 7 = -3*h. Let n(f) = -h*f - 6 - f**2 + f - f. What is n(-5)?
4
Let v(a) = 3*a**2 + 7*a + 4. Let n be v(3). Let s(z) = -52 + n - z**2. Give s(-1).
-1
Let f(t) be the third derivative of t**6/40 + t**5/30 + t**4/12 + t**3/6 + 224*t**2. Give f(-2).
-19
Let n(o) be the third derivative of -o**6/120 - o**5/5 - o**4/24 - 5*o**3/3 + 340*o**2. What is n(-12)?
2
Let o(u) be the first derivative of -u**2/2 - 16*u - 57. What is o(-12)?
-4
Let s(g) be the second derivative of g**3/6 - 4*g**2 - 6*g. Let x be s(11). Let m be 0/((x - -1)/2). Let j(y) = y + 5. Calculate j(m).
5
Let z(c) = c - 2. Let g be 20/8 + -3 + (-34)/(-4). Suppose 4*x = -5*p - 36, p + 2*x = x - g. Determine z(p).
-6
Let w(v) be the second derivative of v**5/20 + v**4/2 - 7*v**3/6 + 5*v**2 + 266*v. Calculate w(-7).
10
Let m be 2/(-3) + 33/9 - -74. Let j = -72 + m. Let k(d) = -d**3 + 5*d**2 + 4. Determine k(j).
4
Let v be (-4)/1 - (-757 - 18). Let n(p) = 772 + p - v - 4*p. Give n(-1).
4
Suppose 2*o + 59*m - 60*m = -19, -3 = -3*m. Let z(u) be the first derivative of -u**4/4 - 10*u**3/3 - 7*u**2/2 + 11*u - 5. Calculate z(o).
-7
Let d(n) = n + 8. Suppose 4*z = 9*z - 15. Let y(b) = -b**3 + b**2 + 7. Let m be y(z). Give d(m).
-3
Let u(w) = -w - 2. Let h(r) = -r**2 - 9*r - 6. Let s be h(-8). Let z be u(s). Let p(l) = -3*l - 2 - 1 + 8 + 4*l. What is p(z)?
1
Suppose -n - 4*c - 1 = 0, 4*n - 9*c = -8*c - 21. Let a(i) = i. Determine a(n).
-5
Suppose -2*i = -0*d - 4*d + 16, 5*d + 5*i = -10. Let g(k) = -3*k**d - 2*k - 11 + k**3 - 2*k**3 - 2*k**2 + 15. What is g(-4)?
-4
Let q(v) be the third derivative of v**4/8 + 2*v**3/3 + v**2. Let l be (-176)/(-30) + (-4)/(-30). Suppose 3*c + l = 5*c. Determine q(c).
13
Let m(z) be the first derivative of 1/2*z**2 + 4*z - 8. Calculate m(-2).
2
Let m = -39 + 68. Let t = 22 - m. Let j(u) = -u**2 - 12*u + 2. Let y(q) = -q + 1. Let s(i) = j(i) - 4*y(i). Calculate s(t).
5
Let g = 76 - 75. Let n(c) = 4*c**3 + c**2 - c. Calculate n(g).
4
Let n(x) = -x + 7. Suppose 2*o + 3*o = 0. Suppose f - 2*f + 3 = o. Suppose k + z = 0, -24 = -0*k - 3*k + f*z. What is n(k)?
3
Let c(j) = -2*j**2 + 133*j - 132*j + j**2 + 0*j**2 + 5*j**2. Determine c(2).
18
Let h(o) = 4*o - 2. Let b(n) = -5*n + 3. Let x(j) = -2*b(j) - 3*h(j). Give x(6).
-12
Let s(x) be the second derivative of -1/6*x**3 + x**2 + 0 + 20*x - 1/2